{"id":996,"date":"2017-04-23T21:52:04","date_gmt":"2017-04-23T18:52:04","guid":{"rendered":"http:\/\/www.emeks.biz.tr\/tiger-3-enterprise-kopya\/"},"modified":"2025-03-28T00:53:18","modified_gmt":"2025-03-27T21:53:18","slug":"tiger-wings","status":"publish","type":"page","link":"https:\/\/www.emeks.biz.tr\/index.php\/tiger-wings\/","title":{"rendered":"Tiger Wings"},"content":{"rendered":"<p><img loading=\"lazy\" decoding=\"async\" width=\"1\" height=\"1\" src=\"http:\/\/www.emeks.biz.tr\/wp-content\/uploads\/2017\/04\/TW_logotype-01.png\" \/>\t\t\t\t\t\t\t\t\t\t\t\t\t\t\t\t\t\t\t\t\t\t\t<\/p>\n<p>\u0130\u015finiz Her An Her Yerde Kanatlar\u0131n\u0131z\u0131n Alt\u0131nda!Rol bazl\u0131 ki\u015fiselle\u015ftirilebilir masa\u00fcst\u00fc, \u00fcr\u00fcn i\u00e7i arama motoru gibi \u00f6zellikler ile birlikte app-in-app teknolojisini, estetik bir tasar\u0131m ile sunan Tiger Wings&nbsp;Kurumsal Kaynak Planlama \u00c7\u00f6z\u00fcm\u00fc (ERP), kullan\u0131c\u0131 deneyimini lokasyon ba\u011f\u0131ms\u0131z yepyeni bir boyuta ta\u015f\u0131yor.<\/p>\n<p><img decoding=\"async\" src=\"\/wp-content\/uploads\/2017\/04\/1_8-1.png\">Mobil Cihazlardan H\u0131zl\u0131 ve Kolay Eri\u015fimLogo 3 platformunda geli\u015ftirilen Tiger Wings, HTML 5 katman\u0131 ile istemci taraf\u0131nda i\u015fletim sisteminden ba\u011f\u0131ms\u0131z olarak internet taray\u0131c\u0131s\u0131 \u00fczerinden kullan\u0131labiliyor. \u0130htiyac\u0131n\u0131za g\u00f6re hem internet taray\u0131c\u0131s\u0131ndan hem de masa\u00fcst\u00fcnden kullanabilece\u011finiz Tiger Wings; \u015firket i\u00e7i s\u00fcre\u00e7lerin verimli ve etkin y\u00f6netimi, veri i\u015fleme s\u00fcrecindeki hatalar\u0131n azalt\u0131lmas\u0131 ve \u00e7al\u0131\u015fanlar\u0131n karar alma s\u00fcrecinde bilgiye an\u0131nda ula\u015fabilmesi gibi bir\u00e7ok fayday\u0131 i\u015fletmelere getirecek zengin fonksiyon k\u00fcmesine sahip.<img decoding=\"async\" src=\"\/wp-content\/uploads\/2017\/04\/Businessandfinancesicon-14.png\">Y\u0131ll\u0131k Abonelik Modeli ile LisanslamaY\u0131ll\u0131k abonelik modeli ile yan\u0131zca ilk y\u0131l ve tek bir kez al\u0131nacak aktivasyon bedeli sonras\u0131nda, y\u0131ll\u0131k kullan\u0131c\u0131 bazl\u0131&nbsp;fiyatla Tiger Wings, Kurumsal Kaynak Planlama \u00c7\u00f6z\u00fcm\u00fcne (ERP), sahip olabilir ve bu modelin esnekli\u011finden faydalanabilirsiniz. Firman\u0131z\u0131n b\u00fcy\u00fcmesine paralel olarak kullan\u0131c\u0131 say\u0131lar\u0131n\u0131 art\u0131rabiliyorsunuz. Y\u0131ll\u0131k abonelik modeliyle lisanlama, tek seferde belli bir maliyetle lisans sat\u0131n almak&nbsp;ve bunu takip eden y\u0131llarda g\u00fcncel tutmaya \u00e7al\u0131\u015fmak yerine, s\u00fcrekli g\u00fcncel ve mevzuata uygun bir \u00fcr\u00fcn kullanmay\u0131 g\u00fcvence alt\u0131na al\u0131yor.<img decoding=\"async\" src=\"\/wp-content\/uploads\/2017\/04\/Setofbusinessicons-21.png\">Rol Bazl\u0131 Ki\u015fiselle\u015ftirilebilir Masa\u00fcst\u00fcTiger Wings ile birlikte, kullan\u0131c\u0131 rol\u00fcne g\u00f6re gelen \u00f6nde\u011fer masa\u00fcstlerinin yan\u0131 s\u0131ra en s\u0131k kullan\u0131lan i\u015flemleri k\u0131sayol&nbsp;olarak tan\u0131mlamak, gruplamak ve \u00f6zel olarak olu\u015fturulan masa\u00fcstlerinde toplamak da art\u0131k m\u00fcmk\u00fcn. Kullan\u0131c\u0131lara h\u0131z&nbsp;kazand\u0131rmak amac\u0131yla k\u0131sayol tu\u015flar\u0131nda da \u00f6zelle\u015ftirme imkan\u0131 sunan Tiger Wings, olu\u015fturulan k\u0131sayol komutlar\u0131nda da&nbsp;de\u011fi\u015fiklik yapma olana\u011f\u0131 sa\u011fl\u0131yor.<img decoding=\"async\" src=\"\/wp-content\/uploads\/2017\/04\/9copy.png\">Estetik Tasar\u0131ml\u0131 Aray\u00fczlerSezgisel ve kolay kullan\u0131m baz al\u0131narak, yeni nesil teknolojilerle geli\u015ftirilen Tiger Wings\u2019nin g\u00f6z yormayan, estetik tasar\u0131m\u0131 sayesinde ERP deneyimi art\u0131k daha keyifli hale geliyor.<img decoding=\"async\" src=\"\/wp-content\/uploads\/2017\/04\/8_16.png\">Zengin Fonksiyonlara Sahip Ana Paket ve Opsiyonel Mod\u00fcllerT\u00fcm ihtiya\u00e7lar\u0131n\u0131z d\u00fc\u015f\u00fcn\u00fclerek haz\u0131rlanm\u0131\u015f bir\u00e7ok standart mod\u00fcl\u00fcn yan\u0131nda i\u015fletmenize \u00f6zel \u00e7\u00f6z\u00fcmleri de bulabilece\u011finiz opsiyonel mod\u00fcller ile kendinize en uygun kurumsal kaynak planlama \u00e7\u00f6z\u00fcm\u00fcn\u00fc olu\u015fturabilirsiniz. Tiger Wings; Finans Y\u00f6netimi, Muhasebe Y\u00f6netimi, Sat\u0131\u015f Y\u00f6netimi, D\u0131\u015f Ticaret Y\u00f6netimi, \u00dcretim Y\u00f6netimi, Malzeme Y\u00f6netimi, Planlama, Kalite Kontrol, Tedarik Zinciri Y\u00f6netimi gibi kapsaml\u0131 mod\u00fclleriyle ve Logo\u2019nun e-Devlet, \u0130\u015f Analiti\u011fi, CRM, \u0130nsan Kaynaklar\u0131 ve Tedarik Zinciri \u00e7\u00f6z\u00fcmleri entegrasyonlar\u0131yla t\u00fcm s\u00fcre\u00e7lerinizi kontrol alt\u0131na al\u0131r ve i\u015f verimlili\u011finizi art\u0131r\u0131r.<\/p>\n<p><a href=\"\/wp-content\/uploads\/2017\/04\/Tiger_Wings_Fiyat_Listesi_09022017.pdf\" target=\"_blank\">&nbsp; F\u0130YAT L\u0130STES\u0130 &nbsp;<\/a>&nbsp; | &nbsp; <a href=\"\/wp-content\/uploads\/2017\/04\/TIGERWINGSBROSUR.pdf\" target=\"_blank\">&nbsp; BRO\u015e\u00dcR\u00dc \u0130ND\u0130R\u0130N &nbsp;<\/a> | &nbsp; &nbsp;<a href=\"\/index.php\/demo-talep-formu\" target=\"_blank\">&nbsp; DEMO TALEP ET &nbsp;<\/a><\/p>\n<p><!-- \/row --><\/p>\n","protected":false},"excerpt":{"rendered":"<p class=\"excerpt\">\u0130\u015finiz Her An Her Yerde Kanatlar\u0131n\u0131z\u0131n Alt\u0131nda!Rol bazl\u0131 ki\u015fiselle\u015ftirilebilir masa\u00fcst\u00fc, \u00fcr\u00fcn i\u00e7i arama motoru gibi \u00f6zellikler ile birlikte app-in-app teknolojisini, estetik bir tasar\u0131m ile sunan Tiger Wings&nbsp;Kurumsal Kaynak Planlama \u00c7\u00f6z\u00fcm\u00fc (ERP), kullan\u0131c\u0131 deneyimini lokasyon ba\u011f\u0131ms\u0131z yepyeni bir boyuta ta\u015f\u0131yor. Mobil Cihazlardan H\u0131zl\u0131 ve Kolay Eri\u015fimLogo 3 platformunda geli\u015ftirilen Tiger Wings, HTML 5 katman\u0131 ile istemci [&hellip;]<\/p>\n","protected":false},"author":1,"featured_media":0,"parent":0,"menu_order":0,"comment_status":"closed","ping_status":"closed","template":"builder.php","meta":{"footnotes":""},"class_list":["post-996","page","type-page","status-publish","hentry"],"aioseo_notices":[],"_links":{"self":[{"href":"https:\/\/www.emeks.biz.tr\/index.php\/wp-json\/wp\/v2\/pages\/996","targetHints":{"allow":["GET"]}}],"collection":[{"href":"https:\/\/www.emeks.biz.tr\/index.php\/wp-json\/wp\/v2\/pages"}],"about":[{"href":"https:\/\/www.emeks.biz.tr\/index.php\/wp-json\/wp\/v2\/types\/page"}],"author":[{"embeddable":true,"href":"https:\/\/www.emeks.biz.tr\/index.php\/wp-json\/wp\/v2\/users\/1"}],"replies":[{"embeddable":true,"href":"https:\/\/www.emeks.biz.tr\/index.php\/wp-json\/wp\/v2\/comments?post=996"}],"version-history":[{"count":2,"href":"https:\/\/www.emeks.biz.tr\/index.php\/wp-json\/wp\/v2\/pages\/996\/revisions"}],"predecessor-version":[{"id":4660,"href":"https:\/\/www.emeks.biz.tr\/index.php\/wp-json\/wp\/v2\/pages\/996\/revisions\/4660"}],"wp:attachment":[{"href":"https:\/\/www.emeks.biz.tr\/index.php\/wp-json\/wp\/v2\/media?parent=996"}],"curies":[{"name":"wp","href":"https:\/\/api.w.org\/{rel}","templated":true}]}}