{"id":721,"date":"2017-04-21T11:59:01","date_gmt":"2017-04-21T08:59:01","guid":{"rendered":"http:\/\/www.emeks.biz.tr\/cozumlerimiz-kopya\/"},"modified":"2025-03-28T00:53:18","modified_gmt":"2025-03-27T21:53:18","slug":"cozumlerimiz","status":"publish","type":"page","link":"https:\/\/www.emeks.biz.tr\/index.php\/cozumlerimiz\/","title":{"rendered":"\u00c7\u00f6z\u00fcmlerimiz"},"content":{"rendered":"<p>\u00c7\u00d6Z\u00dcMLER\u0130M\u0130Z\t\t\t\t\t\t\t\t\t\t\t\t\t\t\t\t\t\t\t\t\t\t\t\t\t\t\t<\/p>\n<p>Logo, yaln\u0131zca yaz\u0131l\u0131m de\u011fil, ihtiya\u00e7lar\u0131n\u0131z\u0131 kar\u015f\u0131layacak, kurumunuzun katma de\u011ferini art\u0131ran ve verimlilik sa\u011flayan bir platform sunar. Teknolojisini, kurum i\u00e7i ve d\u0131\u015f\u0131 uzmanlar\u0131n bilgi, \u00fcretim g\u00fcc\u00fc ve deneyimiyle birle\u015ftirerek haz\u0131r \u00e7\u00f6z\u00fcmlerin \u00f6tesinde \u201cverimlilik\u201d sa\u011flamak i\u00e7in \u00e7al\u0131\u015f\u0131yor.Logo \u00e7\u00f6z\u00fcmleri birbirini tamamlayan ve uyarlanabilir bir \u00fcr\u00fcn ailesi sunar. Bu \u00e7\u00f6z\u00fcmler aras\u0131nda, \u00e7e\u015fitli b\u00fcy\u00fckl\u00fcklere g\u00f6re \u00f6zel tasarlanm\u0131\u015f kurumsal kaynak y\u00f6netimi (ERP), sekt\u00f6rel \u00e7\u00f6z\u00fcmler, tedarik zinciri \u00e7\u00f6z\u00fcmleri, i\u015f s\u00fcre\u00e7leri tasar\u0131m\u0131 dan\u0131\u015fmanl\u0131\u011f\u0131, i\u015f zekas\u0131 ve CRM \u00e7\u00f6z\u00fcmleri gibi \u00e7\u00f6z\u00fcm ve hizmetler say\u0131labilir. Ayr\u0131ca, Logo\u2019nun her \u00f6l\u00e7ekten firmaya y\u00f6nelik kurumsal kaynak y\u00f6netimi (ERP<a href=\"http:\/\/www.logo.com.tr\/cozumler\/erp-cozumleri\"><\/a>) \u00e7\u00f6z\u00fcmlerinde yer alan muhasebe ve finans mod\u00fclleri, kapsaml\u0131 birer muhasebe program\u0131 g\u00f6revini g\u00f6rerek i\u015fletmelerin bu alandaki ihtiya\u00e7lar\u0131n\u0131 eksiksiz kar\u015f\u0131lar.Logo \u00e7\u00f6z\u00fcmleri teknolojik olarak,\u00b7 \u00a0 \u00a0 \u00a0 \u00a0 H\u0131zla kullan\u0131ma al\u0131nabilir\u00b7 \u00a0 \u00a0 \u00a0 \u00a0 Sekt\u00f6rel ihtiya\u00e7lar do\u011frultusunda fonksiyonlar\u0131 zenginle\u015ftirilebilir\u00b7 \u00a0 \u00a0 \u00a0 \u00a0 A\u00e7\u0131k platformludur\u00b7 \u00a0 \u00a0 \u00a0 \u00a0 Y\u00fcksek performansa sahiptir\u00b7 \u00a0 \u00a0 \u00a0 \u00a0 Uygun toplam sahip olma maliyeti sunar\u00b7 \u00a0 \u00a0 \u00a0 \u00a0 Yayg\u0131n \u00e7\u00f6z\u00fcmler ve platformlar ile sinerji olu\u015ftururAyr\u0131ca, de\u011fer katan teknolojik entegre \u00e7\u00f6z\u00fcm ve hizmetlerle firmalar\u0131n rekabet g\u00fcc\u00fcn\u00fcn art\u0131r\u0131lmas\u0131na katk\u0131da bulunmaktad\u0131r. Bu kapsamda,\u00b7 \u00a0 \u00a0 \u00a0 \u00a0 e-Devlet \u00c7\u00f6z\u00fcmleri\u00b7 \u00a0 \u00a0 \u00a0 \u00a0 \u0130\u015f Zekas\u0131 \u00c7\u00f6z\u00fcmleri\u00b7 \u00a0 \u00a0 \u00a0 \u00a0 CRM \u00c7\u00f6z\u00fcmleri\u00b7 \u00a0 \u00a0 \u00a0 \u00a0 e-\u0130\u015f \u00c7\u00f6z\u00fcmleri (B2B, B2C)\u00b7 \u00a0 \u00a0 \u00a0 \u00a0 Sekt\u00f6rel \u00c7\u00f6z\u00fcmler\u00b7 \u00a0 \u00a0 \u00a0 \u00a0 Y\u00f6netim Karar Destek Sistemleri\u00b7 \u00a0 \u00a0 \u00a0 \u00a0 Konsolidasyon ve Uygulamalar Aras\u0131 Entegrasyon \u00e7\u00f6z\u00fcmleri sunulmaktad\u0131r<\/p>\n<p>Kobi \u00c7\u00f6z\u00fcmleri<br \/>\n\t\t\t\t\t\t\t\t\t\t\t\t\t\t\t\t\t\t\t\t\t\t\t\t\t\t\t\t\t\t\t\t\t\t\t\t\t<a href=\"start\">Start<\/a><a href=\"GO-3\">GO3<\/a><\/p>\n<p>ERP \u00c7\u00f6z\u00fcmleri<br \/>\n\t\t\t\t\t\t\t\t\t\t\t\t\t\t\t\t\t\t\t\t\t\t\t\t\t\t\t\t\t\t\t\t\t\t\t\t\t<a href=\"tiger-wings\">Tiger Wings<\/a><a href=\"tiger-3\">Tiger 3<\/a><a href=\"tiger-3-enterprise\">Tiger 3 Enterprise<\/a><\/p>\n<p>CRM \u00c7\u00f6z\u00fcmleri<br \/>\n\t\t\t\t\t\t\t\t\t\t\t\t\t\t\t\t\t\t\t\t\t\t\t\t\t\t\t\t\t\t\t\t\t\t\t\t\t<a href=\"logo-crm\">Logo CRM<\/a><\/p>\n<p>\u0130nsan Kaynaklar\u0131 \u00c7\u00f6z\u00fcmleri<br \/>\n\t\t\t\t\t\t\t\t\t\t\t\t\t\t\t\t\t\t\t\t\t\t\t\t\t\t\t\t\t\t\t\t\t\t\t\t\t<a href=\"tiger-hr\">Tiger HR<\/a><a href=\"bordro-plus\">Bordro Plus<\/a><\/p>\n<p>e-Devlet<br \/>\n\t\t\t\t\t\t\t\t\t\t\t\t\t\t\t\t\t\t\t\t\t\t\t\t\t\t\t\t\t\t\t\t\t\t\t\t\t<a href=\"e-fatura\">e-Fatura<\/a><a href=\"e-arsiv\">e-Ar\u015fiv<\/a><a href=\"e-defter\">e-Defter<\/a><a href=\"e-mutabakat\">e-Mutabakat<\/a><\/p>\n<p>\u0130\u015f Analiti\u011fi \u00c7\u00f6z\u00fcmleri<br \/>\n\t\t\t\t\t\t\t\t\t\t\t\t\t\t\t\t\t\t\t\t\t\t\t\t\t\t\t\t\t\t\t\t\t\t\t\t\t<a href=\"logo-mind-insight\">Logo Mind \u0130nsight<\/a><a href=\"logo-mind-navigator\">Logo Mind Navigator<\/a><\/p>\n<p>\u0130\u015f Ak\u0131\u015f\u0131 Y\u00f6netimi \u00c7\u00f6z\u00fcmleri<br \/>\n\t\t\t\t\t\t\t\t\t\t\t\t\t\t\t\t\t\t\t\t\t\t\t\t\t\t\t\t\t\t\t\t\t\t\t\t\t<a href=\"logo-flow\">Logo Flow<\/a><\/p>\n<p>Dikey \u00c7\u00f6z\u00fcmler\t\t\t\t\t\t\t\t\t\t\t\t\t\t\t\t\t\t\t\t\t\t\t\t\t\t\t<\/p>\n<p><!-- \/row --><\/p>\n","protected":false},"excerpt":{"rendered":"<p class=\"excerpt\">\u00c7\u00d6Z\u00dcMLER\u0130M\u0130Z Logo, yaln\u0131zca yaz\u0131l\u0131m de\u011fil, ihtiya\u00e7lar\u0131n\u0131z\u0131 kar\u015f\u0131layacak, kurumunuzun katma de\u011ferini art\u0131ran ve verimlilik sa\u011flayan bir platform sunar. Teknolojisini, kurum i\u00e7i ve d\u0131\u015f\u0131 uzmanlar\u0131n bilgi, \u00fcretim g\u00fcc\u00fc ve deneyimiyle birle\u015ftirerek haz\u0131r \u00e7\u00f6z\u00fcmlerin \u00f6tesinde \u201cverimlilik\u201d sa\u011flamak i\u00e7in \u00e7al\u0131\u015f\u0131yor.Logo \u00e7\u00f6z\u00fcmleri birbirini tamamlayan ve uyarlanabilir bir \u00fcr\u00fcn ailesi sunar. Bu \u00e7\u00f6z\u00fcmler aras\u0131nda, \u00e7e\u015fitli b\u00fcy\u00fckl\u00fcklere g\u00f6re \u00f6zel tasarlanm\u0131\u015f kurumsal kaynak [&hellip;]<\/p>\n","protected":false},"author":1,"featured_media":0,"parent":0,"menu_order":0,"comment_status":"closed","ping_status":"closed","template":"builder.php","meta":{"footnotes":""},"class_list":["post-721","page","type-page","status-publish","hentry"],"aioseo_notices":[],"_links":{"self":[{"href":"https:\/\/www.emeks.biz.tr\/index.php\/wp-json\/wp\/v2\/pages\/721","targetHints":{"allow":["GET"]}}],"collection":[{"href":"https:\/\/www.emeks.biz.tr\/index.php\/wp-json\/wp\/v2\/pages"}],"about":[{"href":"https:\/\/www.emeks.biz.tr\/index.php\/wp-json\/wp\/v2\/types\/page"}],"author":[{"embeddable":true,"href":"https:\/\/www.emeks.biz.tr\/index.php\/wp-json\/wp\/v2\/users\/1"}],"replies":[{"embeddable":true,"href":"https:\/\/www.emeks.biz.tr\/index.php\/wp-json\/wp\/v2\/comments?post=721"}],"version-history":[{"count":2,"href":"https:\/\/www.emeks.biz.tr\/index.php\/wp-json\/wp\/v2\/pages\/721\/revisions"}],"predecessor-version":[{"id":5151,"href":"https:\/\/www.emeks.biz.tr\/index.php\/wp-json\/wp\/v2\/pages\/721\/revisions\/5151"}],"wp:attachment":[{"href":"https:\/\/www.emeks.biz.tr\/index.php\/wp-json\/wp\/v2\/media?parent=721"}],"curies":[{"name":"wp","href":"https:\/\/api.w.org\/{rel}","templated":true}]}}