{"id":3974,"date":"2017-05-22T11:11:48","date_gmt":"2017-05-22T08:11:48","guid":{"rendered":"http:\/\/www.emeks.biz.tr\/collector-kopya\/"},"modified":"2025-03-28T00:53:17","modified_gmt":"2025-03-27T21:53:17","slug":"collector","status":"publish","type":"page","link":"https:\/\/www.emeks.biz.tr\/index.php\/collector\/","title":{"rendered":"Collector"},"content":{"rendered":"<p>Collector LOGO \u00fcr\u00fcnleri data\u2019 s\u0131n\u0131 olu\u015fturan kart ve \ufb01\u015flerin; ayn\u0131 network i\u00e7erisinde yer alan kaynak server, database ve \ufb01rmadan, hedef server, database ve \ufb01rmaya manuel veya otomatik aktar\u0131m\u0131n\u0131 sa\u011flamak amac\u0131yla geli\u015ftirilmi\u015f \u00f6zel bir \u00fcr\u00fcnd\u00fcr.Farkl\u0131 \ufb01rmalara veri g\u00f6nderimini, grup \u015firketleri aras\u0131nda veri aktar\u0131mlar\u0131n\u0131, tan\u0131ml\u0131 \ufb01rmalar aras\u0131nda \u00e7apraz \ufb01\u015f ve belge g\u00f6nderimlerini sa\u011flamaktad\u0131r.Merkezi y\u00f6netim ile manuel ve otomatik aktar\u0131m parametreleri tan\u0131mlanabilir. Birden fazla \u015fablon tan\u0131mlanarak, farkl\u0131 parametrelere g\u00f6re farkl\u0131 aktar\u0131m se\u00e7enekleri sa\u011flanabilir. LOGO\u2019 nun GO3, Tiger3 ve Tiger Enterprise \u00fcr\u00fcnleri ile anl\u0131k ve tam entegrasyonludur.LOGO\u2019 nun GO3, Tiger3, Tiger Enterprise \u00fcr\u00fcnleri ile anl\u0131k ve tam entegrasyonTek merkezden aktar\u0131mlar\u0131n y\u00f6netimiAyr\u0131nt\u0131l\u0131 genel parametre yap\u0131land\u0131r\u0131lmas\u0131Malzeme Y\u00f6netimi Veri Aktar\u0131m\u0131Sat\u0131\u015f ve Da\u011f\u0131t\u0131m Mod\u00fcl\u00fc Veri Aktar\u0131m\u0131\u0130thalat Mod\u00fcl\u00fc Veri Aktar\u0131m\u0131\u0130hracat Mod\u00fcl\u00fc Veri Aktar\u0131m\u0131Finans Mod\u00fcl\u00fc Veri Aktar\u0131m\u0131Genel Muhasebe Veri Aktar\u0131m\u0131Farkl\u0131 firmalara veri g\u00f6nderimini, grup \u015firketleri aras\u0131nda veri aktar\u0131mlar\u0131n\u0131, tan\u0131ml\u0131 firmalar aras\u0131nda \u00e7apraz fi\u015f ve belge g\u00f6nderimlerini sa\u011flamaktad\u0131r.\u00c7apraz aktar\u0131m parametreleri ile sat\u0131\u015f sipari\u015fi al\u0131m sipari\u015f olarak, al\u0131m sipari\u015fi sat\u0131\u015f sipari\u015fi olarak, \u00e7ek\/senet \u00e7\u0131k\u0131\u015f, ch fi\u015fi \u00e7ek\/senet giri\u015f fi\u015fi olarak aktar\u0131labilir. Yine ayn\u0131 \u015fekilde sat\u0131n alma\/sat\u0131\u015f irsaliye ve fatura fi\u015f t\u00fcrleri hedef firmaya farkl\u0131 fi\u015f t\u00fcr\u00fc olarak aktar\u0131labilir.Fi\u015flerde ge\u00e7en cari hesap, malzeme ve muhasebe hesap kodlar\u0131 parametreye ba\u011fl\u0131 olarak hedef firmaya de\u011fi\u015ftirilerek yani farkl\u0131 kodlar ile aktar\u0131labilir.Fi\u015flerdeki i\u015fyeri no , b\u00f6l\u00fcm no, ambar no ve fabrika hedef firmaya farkl\u0131 numaralar ile aktar\u0131labilir.Aktar\u0131m\u0131 kolayla\u015ft\u0131rmak amac\u0131 ile aktar\u0131mdan \u00f6nce aktar\u0131m\u0131 yap\u0131lacak kart ve fi\u015fler analiz edilir. Hedef firmada bile\u015fenlerin eksik olup olmad\u0131\u011f\u0131 kontrol edilerek eksik tan\u0131mlar eklenir, bu \u015fekilde aktar\u0131m\u0131nda sa\u011fl\u0131kl\u0131 yap\u0131lmas\u0131 sa\u011flanm\u0131\u015f olur. B\u00f6ylelikle fi\u015f aktar\u0131lmadan \u00f6nce kart aktar\u0131m\u0131na gerek duyulmaz. Fi\u015f aktar\u0131m\u0131 s\u0131ras\u0131nda fi\u015fi olu\u015fturan kart ve buna ba\u011fl\u0131 alt kartlar otomatik olarak hedef firmada yok ise ayn\u0131 kod ile olu\u015fturulur. Daha sonra fi\u015f aktar\u0131m\u0131 yap\u0131l\u0131r.Merkezi y\u00f6netim ile manuel ve otomatik aktar\u0131m parametreleri tan\u0131mlanabilir. Birden fazla \u015fablon tan\u0131mlanarak, farkl\u0131 parametrelere g\u00f6re farkl\u0131 aktar\u0131m se\u00e7enekleri sa\u011flanabilir.Aktar\u0131m i\u00e7in \u015fablonlarda ko\u015ful k\u0131sm\u0131na istenilen SQL c\u00fcmleleri yaz\u0131larak s\u0131n\u0131rs\u0131z ko\u015ful verebilme imk\u00e2n\u0131 sa\u011flar.Malzeme kart\u0131, cari hesap kart\u0131, sipari\u015f, \u0130rsaliye ve faturalara ba\u011fl\u0131 aray\u00fcz uyarlama ve LOD uyarlama tablolar\u0131ndaki bilgilerin de ta\u015f\u0131nmas\u0131 sa\u011flan\u0131r.Fi\u015flerdeki Seri\/Lot bilgilerinin ta\u015f\u0131n\u0131p ta\u015f\u0131nmamas\u0131 parametre ile kontrol edilebilir. Buna ba\u011fl\u0131 olarak hedef firmaya aktar\u0131lacak \u00fcr\u00fcnlerin izleme t\u00fcr\u00fc \u201cizleme yap\u0131lmayacak\u201d olarak aktar\u0131lmas\u0131 sa\u011flan\u0131r.Aktar\u0131lacak fi\u015flerin muhasebe hesap kodlar\u0131n\u0131n ta\u015f\u0131n\u0131p ta\u015f\u0131nmamas\u0131 parametreye ba\u011fl\u0131d\u0131r. \u0130stenirse hedef firmadaki muhasebe ba\u011flant\u0131 kodlar\u0131ndan atama yap\u0131lmas\u0131 da sa\u011flanabilir.Otomatik aktar\u0131m \u00f6zelli\u011fi ile belirlenen zamanda, i\u015faretlenen kart ve fi\u015flerin otomatik olarak aktar\u0131m yap\u0131lmas\u0131 imk\u00e2n\u0131 sa\u011flan\u0131r.Fi\u015flerin aktar\u0131m\u0131nda parametreye ba\u011fl\u0131 olarak kaynak fi\u015f numaralar\u0131yla aktarabilir. Ya da hedef firmada numara \u015fablonuna g\u00f6re fi\u015f numaralar\u0131n\u0131n olu\u015fmas\u0131 sa\u011flanabilir.Aktar\u0131m yap\u0131lacak olan her bir fi\u015f ve kart, aktar\u0131mdan \u00f6nce kontrol edilerek ayn\u0131 kart ve fi\u015fin tekrar aktar\u0131lmas\u0131 ve b\u00f6ylelikle m\u00fckerrer kay\u0131t olu\u015fmas\u0131 engellenir.Kaynak firmada de\u011fi\u015ftirilen kartlar ve kaynak firmada de\u011fi\u015ftirilen veya iptal edilen fi\u015fler hedef firmada g\u00fcncellenir.Parametreler ba\u011fl\u0131 olarak, malzeme y\u00f6netim fi\u015fleri, sat\u0131n alma fi\u015fleri, sat\u0131\u015f ve da\u011f\u0131t\u0131m fi\u015fleri ve kasa i\u015flemleri hedef firmaya fiyats\u0131z olarak aktar\u0131labilir.Logoya aktar\u0131mlar Logo Objects ile yap\u0131ld\u0131\u011f\u0131nda veri b\u00fct\u00fcnl\u00fc\u011f\u00fc ve s\u00fcr\u00fcm ge\u00e7i\u015flerinde sorun ya\u015fanmamas\u0131 sa\u011flanm\u0131\u015ft\u0131r.<\/p>\n<p><!-- \/row --><\/p>\n","protected":false},"excerpt":{"rendered":"<p class=\"excerpt\">Collector LOGO \u00fcr\u00fcnleri data\u2019 s\u0131n\u0131 olu\u015fturan kart ve \ufb01\u015flerin; ayn\u0131 network i\u00e7erisinde yer alan kaynak server, database ve \ufb01rmadan, hedef server, database ve \ufb01rmaya manuel veya otomatik aktar\u0131m\u0131n\u0131 sa\u011flamak amac\u0131yla geli\u015ftirilmi\u015f \u00f6zel bir \u00fcr\u00fcnd\u00fcr.Farkl\u0131 \ufb01rmalara veri g\u00f6nderimini, grup \u015firketleri aras\u0131nda veri aktar\u0131mlar\u0131n\u0131, tan\u0131ml\u0131 \ufb01rmalar aras\u0131nda \u00e7apraz \ufb01\u015f ve belge g\u00f6nderimlerini sa\u011flamaktad\u0131r.Merkezi y\u00f6netim ile manuel ve [&hellip;]<\/p>\n","protected":false},"author":1,"featured_media":0,"parent":0,"menu_order":0,"comment_status":"closed","ping_status":"closed","template":"builder.php","meta":{"footnotes":""},"class_list":["post-3974","page","type-page","status-publish","hentry"],"aioseo_notices":[],"_links":{"self":[{"href":"https:\/\/www.emeks.biz.tr\/index.php\/wp-json\/wp\/v2\/pages\/3974","targetHints":{"allow":["GET"]}}],"collection":[{"href":"https:\/\/www.emeks.biz.tr\/index.php\/wp-json\/wp\/v2\/pages"}],"about":[{"href":"https:\/\/www.emeks.biz.tr\/index.php\/wp-json\/wp\/v2\/types\/page"}],"author":[{"embeddable":true,"href":"https:\/\/www.emeks.biz.tr\/index.php\/wp-json\/wp\/v2\/users\/1"}],"replies":[{"embeddable":true,"href":"https:\/\/www.emeks.biz.tr\/index.php\/wp-json\/wp\/v2\/comments?post=3974"}],"version-history":[{"count":3,"href":"https:\/\/www.emeks.biz.tr\/index.php\/wp-json\/wp\/v2\/pages\/3974\/revisions"}],"predecessor-version":[{"id":4638,"href":"https:\/\/www.emeks.biz.tr\/index.php\/wp-json\/wp\/v2\/pages\/3974\/revisions\/4638"}],"wp:attachment":[{"href":"https:\/\/www.emeks.biz.tr\/index.php\/wp-json\/wp\/v2\/media?parent=3974"}],"curies":[{"name":"wp","href":"https:\/\/api.w.org\/{rel}","templated":true}]}}