{"id":1055,"date":"2017-04-23T22:50:30","date_gmt":"2017-04-23T19:50:30","guid":{"rendered":"http:\/\/www.emeks.biz.tr\/erp-cozumlerimiz-kopya\/"},"modified":"2025-03-28T00:53:18","modified_gmt":"2025-03-27T21:53:18","slug":"kobi-cozumlerimiz","status":"publish","type":"page","link":"https:\/\/www.emeks.biz.tr\/index.php\/kobi-cozumlerimiz\/","title":{"rendered":"Kobi \u00c7\u00f6z\u00fcmlerimiz"},"content":{"rendered":"<p>KOB\u0130 \u00c7\u00d6Z\u00dcMLER\u0130\t\t\t\t\t\t\t\t\t\t\t\t\t\t\t\t\t\t\t\t\t\t\t\t\t\t\t<\/p>\n<p>T\u00fcrkiye uygulama yaz\u0131l\u0131mlar\u0131 pazar\u0131 lideri Logo, k\u00fcresel rekabeti hedefleyen KOB\u0130\u2019ler i\u00e7in i\u015fletmelerinin b\u00fct\u00fcn ihtiya\u00e7lar\u0131n\u0131 kar\u015f\u0131layacak en uygun i\u015f \u00e7\u00f6z\u00fcmlerini \u00fcretmektedir.\u0130\u015flerini yenilemek isteyen giri\u015fimciler pratik ve kolay kullan\u0131ml\u0131 Logo KOB\u0130 \u00c7\u00f6z\u00fcmleri ile profesyonel hayatta sa\u011flam ad\u0131mlar atarken, sa\u011flad\u0131\u011f\u0131 y\u00fcksek performans ile de KOB\u0130&#8217;lerin katma de\u011ferini ve verimlili\u011fini art\u0131rmaktad\u0131r. Geli\u015ftirilebilir mod\u00fcler yap\u0131s\u0131 sayesinde i\u015fletmelerin b\u00fcy\u00fcmelerine uygun bir ortam sunan Logo KOB\u0130 \u00c7\u00f6z\u00fcmleri, d\u00fc\u015f\u00fck sahip olma maliyetleri ile farkl\u0131 \u00f6l\u00e7ekteki KOB\u0130\u2019leri hedeflemektedir.\u00c7e\u015fitli sekt\u00f6rlerde faaliyet g\u00f6steren i\u015fletmelerdeki temel i\u015f s\u00fcre\u00e7lerini verimli \u015fekilde y\u00f6neten Logo KOB\u0130 \u00c7\u00f6z\u00fcmleri; \u00f6zellikle \u0130n\u015faat, Ticaret, Tekstil, Maden-Metal ve G\u0131da sekt\u00f6rleri a\u011f\u0131rl\u0131kl\u0131 olmak \u00fczere pek \u00e7ok lider firman\u0131n s\u00fcre\u00e7lerini h\u0131zland\u0131rarak, b\u00fcy\u00fcme s\u00fcrecinde ihtiya\u00e7 duyduklar\u0131 \u00e7evikli\u011fi sa\u011flar.Logo Kobi \u00c7\u00f6z\u00fcmleri, h\u0131zlanan sat\u0131\u015f y\u00f6netimi, malzeme ve tedarik y\u00f6netim s\u00fcre\u00e7leri ile m\u00fc\u015fteri taleplerine daha h\u0131zl\u0131 cevap verebilme, m\u00fc\u015fteri bilgilerini saklayabilme ve y\u00f6netebilme, finansal s\u00fcre\u00e7lerde uluslararas\u0131 standartlara uyum ve \u0130nsan Kaynaklar\u0131 y\u00f6netimi gibi s\u00fcre\u00e7lerin u\u00e7tan uca entegre bir yap\u0131da y\u00fcr\u00fct\u00fclmesi sayesinde hatalar\u0131 minimuma indirirken, veri b\u00fct\u00fcnl\u00fc\u011f\u00fcn\u00fc g\u00fc\u00e7lendirerek KOB\u0130\u2019lerin kurumsal geli\u015fimlerini h\u0131zland\u0131r\u0131r.<\/p>\n<p><a href=\"\/start\"><img decoding=\"async\" src=\"\/wp-content\/uploads\/2017\/05\/logo_start.png\"><\/a><\/p>\n<p><a href=\"\/go-3\"><img decoding=\"async\" src=\"\/wp-content\/uploads\/2017\/05\/logo_go3.png\"><\/a><\/p>\n<p><!-- \/row --><\/p>\n","protected":false},"excerpt":{"rendered":"<p class=\"excerpt\">KOB\u0130 \u00c7\u00d6Z\u00dcMLER\u0130 T\u00fcrkiye uygulama yaz\u0131l\u0131mlar\u0131 pazar\u0131 lideri Logo, k\u00fcresel rekabeti hedefleyen KOB\u0130\u2019ler i\u00e7in i\u015fletmelerinin b\u00fct\u00fcn ihtiya\u00e7lar\u0131n\u0131 kar\u015f\u0131layacak en uygun i\u015f \u00e7\u00f6z\u00fcmlerini \u00fcretmektedir.\u0130\u015flerini yenilemek isteyen giri\u015fimciler pratik ve kolay kullan\u0131ml\u0131 Logo KOB\u0130 \u00c7\u00f6z\u00fcmleri ile profesyonel hayatta sa\u011flam ad\u0131mlar atarken, sa\u011flad\u0131\u011f\u0131 y\u00fcksek performans ile de KOB\u0130&#8217;lerin katma de\u011ferini ve verimlili\u011fini art\u0131rmaktad\u0131r. Geli\u015ftirilebilir mod\u00fcler yap\u0131s\u0131 sayesinde i\u015fletmelerin b\u00fcy\u00fcmelerine [&hellip;]<\/p>\n","protected":false},"author":1,"featured_media":0,"parent":0,"menu_order":0,"comment_status":"closed","ping_status":"closed","template":"builder.php","meta":{"footnotes":""},"class_list":["post-1055","page","type-page","status-publish","hentry"],"aioseo_notices":[],"_links":{"self":[{"href":"https:\/\/www.emeks.biz.tr\/index.php\/wp-json\/wp\/v2\/pages\/1055","targetHints":{"allow":["GET"]}}],"collection":[{"href":"https:\/\/www.emeks.biz.tr\/index.php\/wp-json\/wp\/v2\/pages"}],"about":[{"href":"https:\/\/www.emeks.biz.tr\/index.php\/wp-json\/wp\/v2\/types\/page"}],"author":[{"embeddable":true,"href":"https:\/\/www.emeks.biz.tr\/index.php\/wp-json\/wp\/v2\/users\/1"}],"replies":[{"embeddable":true,"href":"https:\/\/www.emeks.biz.tr\/index.php\/wp-json\/wp\/v2\/comments?post=1055"}],"version-history":[{"count":1,"href":"https:\/\/www.emeks.biz.tr\/index.php\/wp-json\/wp\/v2\/pages\/1055\/revisions"}],"predecessor-version":[{"id":4374,"href":"https:\/\/www.emeks.biz.tr\/index.php\/wp-json\/wp\/v2\/pages\/1055\/revisions\/4374"}],"wp:attachment":[{"href":"https:\/\/www.emeks.biz.tr\/index.php\/wp-json\/wp\/v2\/media?parent=1055"}],"curies":[{"name":"wp","href":"https:\/\/api.w.org\/{rel}","templated":true}]}}